nd 220.
110
What is the greatest common divisor of 2090 and 38?
38
Calculate the highest common factor of 21 and 63.
21
What is the highest common divisor of 609 and 3132?
87
What is the highest common factor of 265 and 45?
5
What is the greatest common divisor of 37 and 3071?
37
What is the greatest common divisor of 2457 and 189?
189
Calculate the greatest common factor of 2 and 11982.
2
What is the greatest common divisor of 5104 and 112?
16
Calculate the greatest common divisor of 2028 and 108.
12
Calculate the highest common divisor of 1938 and 408.
102
Calculate the greatest common divisor of 115 and 5.
5
Calculate the highest common divisor of 768 and 2880.
192
What is the highest common factor of 375 and 90?
15
Calculate the greatest common divisor of 404 and 7474.
202
Calculate the highest common divisor of 553 and 158.
79
Calculate the greatest common factor of 1522 and 8.
2
What is the greatest common factor of 17 and 731?
17
Calculate the highest common factor of 12225 and 163.
163
Calculate the highest common divisor of 26 and 455.
13
Calculate the highest common factor of 1134 and 36.
18
What is the highest common factor of 20 and 130?
10
What is the highest common divisor of 45 and 660?
15
Calculate the highest common factor of 130 and 325.
65
Calculate the highest common divisor of 56 and 632.
8
Calculate the greatest common factor of 47854 and 142.
142
Calculate the greatest common factor of 8 and 2304.
8
What is the greatest common divisor of 153 and 170?
17
What is the greatest common factor of 76 and 36?
4
Calculate the greatest common factor of 319 and 8613.
319
Calculate the highest common divisor of 17 and 15147.
17
Calculate the highest common factor of 34 and 3502.
34
Calculate the greatest common divisor of 56 and 20.
4
What is the highest common divisor of 1443 and 39?
39
What is the greatest common factor of 540 and 300?
60
Calculate the greatest common factor of 28 and 224.
28
Calculate the highest common divisor of 1075 and 43.
43
Calculate the highest common factor of 23900 and 50.
50
Calculate the highest common divisor of 1558 and 190.
38
What is the highest common divisor of 32 and 784?
16
What is the greatest common factor of 52 and 108?
4
Calculate the greatest common factor of 4 and 212.
4
Calculate the greatest common factor of 234 and 676.
26
What is the highest common factor of 207 and 9?
9
What is the greatest common factor of 12 and 138?
6
Calculate the greatest common factor of 128 and 2864.
16
What is the highest common divisor of 608 and 76?
76
What is the greatest common divisor of 6752 and 32?
32
Calculate the highest common divisor of 1467 and 9.
9
What is the greatest common divisor of 72 and 444?
12
Calculate the highest common factor of 72 and 2196.
36
Calculate the highest common factor of 14 and 342.
2
Calculate the highest common divisor of 296 and 37.
37
What is the highest common divisor of 54 and 189?
27
Calculate the highest common divisor of 14287 and 182.
91
What is the highest common divisor of 2864 and 16?
16
Calculate the greatest common divisor of 68 and 3485.
17
Calculate the highest common factor of 83 and 9877.
83
What is the highest common factor of 1 and 61?
1
Calculate the greatest common factor of 66 and 8998.
22
Calculate the highest common divisor of 108 and 2196.
36
Calculate the greatest common factor of 4356 and 72.
36
What is the highest common divisor of 20 and 20?
20
What is the greatest common factor of 128 and 928?
32
What is the highest common divisor of 49 and 112?
7
What is the greatest common divisor of 1424 and 267?
89
What is the highest common factor of 253 and 23?
23
Calculate the greatest common divisor of 31 and 713.
31
Calculate the highest common divisor of 7 and 38794.
7
What is the greatest common factor of 1886 and 207?
23
Calculate the greatest common factor of 45 and 36.
9
Calculate the greatest common divisor of 22 and 22.
22
What is the greatest common factor of 546 and 3486?
42
What is the greatest common factor of 14 and 602?
14
Calculate the greatest common factor of 891 and 33.
33
What is the greatest common divisor of 16 and 1712?
16
Calculate the greatest common divisor of 141 and 9.
3
Calculate the greatest common divisor of 1596 and 14.
14
What is the greatest common factor of 184 and 23?
23
Calculate the greatest common factor of 1488 and 96.
48
Calculate the greatest common factor of 58 and 2262.
58
Calculate the highest common divisor of 10336 and 102.
34
What is the highest common factor of 18203 and 1503?
167
Calculate the highest common divisor of 259 and 49.
7
Calculate the greatest common factor of 108 and 27.
27
Calculate the greatest common divisor of 1022 and 14.
14
What is the highest common factor of 1274 and 26?
26
What is the highest common divisor of 2072 and 112?
56
What is the highest common divisor of 424 and 8?
8
What is the highest common divisor of 28734 and 6?
6
What is the highest common divisor of 27 and 1971?
27
What is the greatest common factor of 315 and 252?
63
Calculate the greatest common factor of 14 and 58.
2
Calculate the greatest common divisor of 426 and 18.
6
Calculate the highest common divisor of 150 and 168.
6
Calculate the highest common divisor of 327 and 1853.
109
Calculate the highest common divisor of 26 and 54834.
26
What is the highest common divisor of 51 and 4114?
17
What is the highest common divisor of 134 and 20234?
134
Calculate the highest common divisor of 24 and 112.
8
Calculate the greatest common factor of 207 and 63.
9
Calculate the highest common factor of 120 and 285.
15
Calculate the greatest common factor of 9 and 1029.
3
Calculate the highest common factor of 172 and 1978.
86
What is the greatest common divisor of 726 and 18?
6
What is the highest common factor of 400 and 25?
25
Calculate the highest common factor of 5 and 145.
5
Calculate the greatest common divisor of 108 and 702.
54
Calculate the greatest common factor of 25288 and 2180.
436
Calculate the highest common factor of 441 and 63.
63
Calculate the highest common divisor of 80 and 48.
16
Calculate the highest common divisor of 3 and 24.
3
What is the greatest common divisor of 597 and 9?
3
Calculate the greatest common factor of 76 and 4484.
76
Calculate the highest common divisor of 112 and 217.
7
What is the greatest common divisor of 798 and 342?
114
Calculate the highest common divisor of 770 and 220.
110
Calculate the greatest common divisor of 26 and 3536.
26
Calculate the highest common factor of 42 and 2289.
21
What is the greatest common factor of 10 and 1060?
10
Calculate the greatest common factor of 18 and 576.
18
Calculate the highest common factor of 8 and 710.
2
Calculate the highest common factor of 7626 and 558.
186
Calculate the highest common factor of 112 and 175.
7
Calculate the highest common factor of 171 and 133.
19
Calculate the highest common factor of 168 and 210.
42
What is the highest common divisor of 1897 and 3?
1
Calculate the greatest common divisor of 395 and 237.
79
Calculate the highest common divisor of 56 and 2268.
28
What is the highest common factor of 20 and 80?
20
Calculate the highest common factor of 1782 and 81.
81
What is the greatest common divisor of 60 and 15090?
30
Calculate the greatest common divisor of 318 and 78.
6
Calculate the highest common factor of 102 and 340.
34
What is the greatest common divisor of 6855 and 15?
15
Calculate the highest common divisor of 4 and 170.
2
What is the greatest common divisor of 55 and 15565?
55
What is the greatest common factor of 72 and 99?
9
Calculate the greatest common factor of 522 and 9.
9
Calculate the highest common divisor of 1776 and 192.
48
Calculate the greatest common factor of 47121 and 339.
339
What is the highest common divisor of 153 and 450?
9
What is the greatest common divisor of 96 and 288?
96
Calculate the highest common factor of 12571 and 104.
13
Calculate the highest common divisor of 1496 and 616.
88
Calculate the highest common divisor of 4563 and 234.
117
What is the greatest common divisor of 20 and 220?
20
Calculate the highest common factor of 5280 and 8250.
330
What is the highest common factor of 847 and 11?
11
Calculate the highest common factor of 136 and 136.
136
Calculate the high